t f(t) = t**3 - 8*t**2 - 28*t - 29. Determine f(11).
26
Let c(t) = 70*t - 1631. What is c(24)?
49
Let g(o) = o**3 + 68*o**2 + 365*o - 334. Determine g(-62).
100
Let t(i) = -87*i - 95. Give t(-1).
-8
Let p(j) = -329*j + 48. What is p(-1)?
377
Let x(q) = q**2 - 102*q + 387. What is x(4)?
-5
Let n(m) = -m**2 - 479*m + 17997. What is n(35)?
7
Let s(d) = d**3 + d**2 + 6*d - 1. Give s(0).
-1
Let y(a) = 89*a - 8104. Determine y(91).
-5
Let l(s) = s**2 - 11*s - 929. Determine l(-25).
-29
Let l(i) = -54*i + 405. Give l(5).
135
Let w(k) = 33*k + 21. Calculate w(15).
516
Let a(d) = 1746*d - 1723. Determine a(1).
23
Let x(m) = -52*m**2 + 533*m - 140. What is x(10)?
-10
Let n(i) = 128*i**2 + 499*i - 46. What is n(-4)?
6
Let z(r) = 1716*r - 13731. Give z(8).
-3
Let o(u) = 4*u**2 + 10*u - 2. Calculate o(-5).
48
Let m(v) = 13*v**3 + 91*v**2 + 3*v + 23. What is m(-7)?
2
Let t(r) = -3*r**2 + 48*r - 8. What is t(16)?
-8
Let m(u) = u**3 + 32*u**2 - 100*u + 162. Give m(-35).
-13
Let d(m) = -19*m + 63. What is d(9)?
-108
Let q(p) = -294*p + 9435. Determine q(32).
27
Let p(i) = -18*i - 262. What is p(-18)?
62
Let n(g) = 23*g**2 + 411*g - 410. What is n(1)?
24
Let g(b) = -b**2 - 7273*b - 72635. Give g(-10).
-5
Let j(k) = -81*k - 2637. Calculate j(-39).
522
Let x(o) = -7*o + 46. Determine x(4).
18
Let p(h) = -112*h - 2232. What is p(-20)?
8
Let b(y) = 2031*y - 26396. Calculate b(13).
7
Let t(s) = 3*s**2 + 3*s - 8. Calculate t(-4).
28
Let y(n) = -n**3 - 18*n**2 + 86*n - 39. What is y(-22)?
5
Let b(j) = 374*j**2 + 4879*j + 223. What is b(-13)?
2
Let l(a) = 27*a - 102. Calculate l(12).
222
Let v(c) = -c**2 - 27*c + 138. Calculate v(-19).
290
Let u(m) = -55*m + 483. Determine u(8).
43
Let y(t) = -2*t**2 + 70*t - 139. Calculate y(33).
-7
Let q(h) = -h**2 - 46*h - 74. Give q(-46).
-74
Let i(f) = 3*f**3 - 74*f**2 + 115*f - 1604. Calculate i(24).
4
Let m(i) = -i**2 - 51*i + 5098. What is m(51)?
-104
Let b(o) = -48*o**2 + 417*o + 418. Calculate b(-1).
-47
Let c(s) = -21*s - 816. What is c(-24)?
-312
Let j(d) = 2*d**3 + 113*d**2 - 22*d + 1984. Give j(-57).
-11
Let z(p) = p**2 + 24*p + 45. Give z(-13).
-98
Let t(y) = 336*y + 5390. Give t(-16).
14
Let d(x) = x**2 + 17*x - 99. Calculate d(5).
11
Let b(x) = -x**3 + 14*x**2 - 36*x + 29. Give b(2).
5
Let h(o) = -2*o**3 + 39*o**2 - 19*o + 41. Calculate h(19).
41
Let p(y) = -y**3 - 7*y**2 - 279*y - 1956. Determine p(-7).
-3
Let p(y) = 195*y + 3925. What is p(-20)?
25
Let q(u) = -2*u**3 - 18*u**2 + 38*u - 44. Determine q(-11).
22
Let l(u) = -14*u**2 - 348*u + 58. What is l(-25)?
8
Let z(b) = -92*b - 1502. What is z(-16)?
-30
Let q(r) = 20*r - 585. Calculate q(29).
-5
Let p(s) = 10*s + 1784. Determine p(-178).
4
Let v(w) = 2*w**2 - 16*w + 41. What is v(8)?
41
Let z(k) = 11*k - 247. Determine z(13).
-104
Let j(t) = t**3 - 15*t**2 + 4*t - 19. What is j(13)?
-305
Let b(t) = -6*t**2 - 13*t + 43. What is b(-4)?
-1
Let j(t) = -2*t**3 - 34*t**2 - 37*t - 64. Calculate j(-16).
16
Let t(d) = -153*d - 1105. Calculate t(-7).
-34
Let n(r) = -r**3 - 41*r**2 + 24*r + 987. What is n(-41)?
3
Let f(o) = -o**3 + 30*o**2 + 171*o - 3423. Calculate f(32).
1
Let z(s) = s**3 - 43*s**2 - 31*s - 553. Calculate z(44).
19
Let p(k) = -2*k**2 - 33*k + 570. Determine p(-27).
3
Let h(u) = -395*u + 1950. Determine h(5).
-25
Let l(h) = -h**3 - 10*h**2 + 3*h + 22. Calculate l(-9).
-86
Let o(p) = -9*p + 943. Determine o(100).
43
Let j(s) = 2*s**3 + 318*s**2 + 77. Determine j(-159).
77
Let m(c) = -4*c**2 - 425*c - 2094. What is m(-5)?
-69
Let t(i) = i**2 - 23*i - 153. Give t(-4).
-45
Let r(o) = -o**2 - 24*o - 60. Give r(-27).
-141
Let m(h) = -61*h + 324. Calculate m(5).
19
Let j(u) = u**3 - 3*u**2 - 114*u + 39. What is j(13)?
247
Let h(b) = -6*b**2 + 7*b - 30. Give h(4).
-98
Let g(q) = q**3 + 56*q**2 + 211*q + 196. Give g(-52).
40
Let q(a) = -9*a - 487. Calculate q(-17).
-334
Let h(y) = -21*y**2 + 7*y + 19. Give h(5).
-471
Let o(x) = 50*x - 257. Calculate o(2).
-157
Let l(r) = -r**3 + 5*r**2 - 7*r + 70. Determine l(5).
35
Let h(j) = 49*j - 189. What is h(-5)?
-434
Let s(c) = -88*c - 5431. Calculate s(-62).
25
Let v(g) = -g**3 + g**2 + 73*g - 5. Determine v(9).
4
Let d(h) = h**2 + 199*h + 3427. Calculate d(-19).
7
Let j(i) = i**3 + 7*i**2 - 21*i - 35. Give j(-9).
-8
Let b(f) = -7*f**2 - 216*f - 182. What is b(-30)?
-2
Let g(r) = 69*r - 2848. Calculate g(41).
-19
Let w(u) = u**3 - 10*u**2 - 6*u + 65. Give w(10).
5
Let l(g) = g**2 - 30*g - 281. Calculate l(-7).
-22
Let f(r) = 13*r + 2397. Give f(-184).
5
Let s(i) = 2*i**2 + 21*i + 100. What is s(-7)?
51
Let w(p) = 183*p**3 + 35*p + 34. Calculate w(-1).
-184
Let q(w) = w**3 + 14*w**2 + 16*w - 101. What is q(-12)?
-5
Let z(f) = -f**3 + 12*f**2 + 36*f - 244. Give z(8).
300
Let d(x) = -359*x + 24485. Calculate d(68).
73
Let b(k) = 12*k**3 - 17*k**2 - 48*k + 1. Calculate b(-3).
-332
Let v(y) = 22*y - 1122. Calculate v(49).
-44
Let c(d) = 8*d**3 - 162*d**2 + 40*d + 4. Calculate c(20).
4
Let z(h) = -h**3 - 10*h**2 - 10*h - 21. Calculate z(-10).
79
Let o(m) = m**3 - 5*m**2 - m + 23. Calculate o(4).
3
Let o(x) = x**3 - 8*x**2 + 29*x - 67. Determine o(5).
3
Let u(w) = 41*w + 275. Determine u(0).
275
Let g(m) = m**3 - 21*m**2 + 24*m + 32. Calculate g(19).
-234
Let s(d) = 14*d**2 + 165*d - 12. Determine s(-10).
-262
Let t(l) = 57*l - 5016. Give t(88).
0
Let x(b) = -7*b**2 + 310*b - 309. What is x(1)?
-6
Let d(x) = -3*x**3 - 19*x**2 - 34*x - 65. Calculate d(-5).
5
Let d(h) = -h**3 - 14*h**2 + 24*h + 32. Calculate d(-15).
-103
Let n(f) = -2*f**2 + 52*f + 69. Calculate n(25).
119
Let o(p) = 15*p**3 - 1652*p**2 + 220*p - 2. Give o(110).
-2
Let g(k) = 105*k**2 + 21*k + 21. What is g(-1)?
105
Let a(c) = 2*c**2 + 79*c + 116. Determine a(0).
116
Let b(o) = -1768*o - 14148. Calculate b(-8).
-4
Let w(s) = 3*s**3 - 28*s**2 + 18*s - 70. Determine w(8).
-182
Let w(z) = -4*z**2 + 8*z + 15. Give w(-5).
-125
Let l(v) = -2*v**2 + 102*v - 1435. Give l(25).
-135
Let h(r) = -r**3 + 12*r**2 - 7*r - 35. Determine h(5).
105
Let s(z) = -13*z - 44. Give s(-3).
-5
Let t(o) = 2*o**3 + 7*o**2 - o + 85. Calculate t(-8).
-483
Let j(v) = -v**3 + 75*v**2 + 601*v - 2217. Give j(82).
-3
Let y(b) = -b**2 + 59*b - 376. Calculate y(52).
-12
Let r(n) = -959*n + 15339. Determine r(16).
-5
Let c(k) = k**2 + 17*k - 99. Determine c(-14).
-141
Let c(r) = 187*r**2 + 78*r. Determine c(1).
265
Let c(t) = 2*t**2 + 49*t - 916. Give c(11).
-135
Let z(b) = -b**3 - 2*b**2 + 23*b - 41. Determine z(6).
-191
Let b(c) = c**2 - 76*c + 1425. Give b(43).
6
Let p(u) = 2*u**2 - 168*u + 520. Give p(81).
34
Let j(w) = w**3 + 40*w**2 + 100*w - 426. Give j(-37).
-19
Let v(n) = -12*n - 48. Determine v(-10).
72
Let m(z) = 66*z + 846. What is m(-7)?
384
Let p(k) = k**3 - 54*k**2 + 157*k - 71. Determine p(51).
133
Let d(g) = -g**2 + 56*g - 537. What is d(44)?
-9
Let x(v) = -v**3 - 5*v**2 + 27*v + 68. Determine x(-2).
2
Let h(v) = 64*v + 274. Calculate h(-4).
18
Let g(l) = -l**3 + 38*l**2 - 61*l + 5636. What is g(40)?
-4
Let i(v) = -v**3 + 18*v**2 + 51*v - 38. Determine i(19).
570
Let g(n) = 5*n + 205. What is g(-41)?
0
Let a(c) = -29*c + 530. What is a(22)?
-108
Let x(m) = -m**3 + 10*m**2 + 9*m - 104. Determine x(8).
96
Let f(z) = -z**2 - 44*z - 278. Determine f(-8).
10
Let r(s) = s**2 - 66*s + 268. Give r(4).
20
Let n(s) = 10*s**2 - 120*s + 487. Calculate n(4).
167
Let x(w) = -30*w**3 + 152*w**2 - 12*w + 15. Determine x(5).
5
Let v(c) = 10*c - 62. What is v(0)?
-62
Let j(x) = x - 15. Determine j(0).
-15
Let w(m) = -134*m - 38458. Calculate w(-287).
0
Let y(a) = -a**2 + 24*a - 105. Determine y(-9).
-402
Let f(r) = -27*r**2 + 2*r - 31. What is f(-3)?
-280
Let c(a) = -171*a + 850. What is c(5)?
-5
Let r(y) = -y**3 - 29*y**2 - 3*y - 89. Give r(-29).
-2
Let j(p) = -p**2 + 125*p + 259. What is j(127)?
5
Let j(c) = 44*c - 6119. What is j(139)?
-3
Let x(a) = -47925*a - 479244. Give x(-10).
6
Let l(d) = -d**2 - 107*d - 111. Determine l(-106).
-5
Let f(p) = 30*p - 893. Give f(30).
7
Let l(m) = 53*m + 450. What is l(-8)?
26
Let h(m) = -245*m - 744. Calculate h(-3).
-9
Let u(d) = 81*d**2 + 677*d + 231. What is u(-8)?
-1
Let n(w) = -51*w - 866. Calculate n(-17).
1
Let m(o) = 45*o - 495. What is m(11)?
0
Let y(o) = -o**3 - 51*o**2 + 66*o + 735. Determine y(-52).
7
Let y(d) = -d**3 + 30*d**2 + 14*d + 590. Determin